2 + 5*t - 4. Let i be r(5). Calculate the remainder when 37 is divided by -2 + 3 + -2 + i.
17
Let i be (-1 + 4)/(30/100). Suppose 4*v - 138 = 5*x, -7*x = -2*x + i. What is the remainder when v is divided by 9?
5
Suppose -4*l - 4*u + 131 = -3*u, 3 = -3*u. Calculate the remainder when 130 is divided by l.
31
Let z(o) = 18 + 4*o + 5 - 5*o. Calculate the remainder when z(0) is divided by ((-9)/(-12))/((-1)/(-8)).
5
Let b(w) = w**2 - 6*w + 5. Let h(f) be the first derivative of f**3/3 + 3*f**2/2 - f + 2. Let i be h(-5). What is the remainder when b(i) is divided by 11?
10
Let v = 16 + -14. Suppose 0 = v*z - 3 - 5, 0 = -y + z + 15. What is the remainder when 37 is divided by y?
18
Let p(u) = -2*u + 4. Let r(x) = -2*x + 4. Let n(z) = -5*p(z) + 4*r(z). Let y be n(4). Suppose q = -y*q + 65. What is the remainder when 24 is divided by q?
11
Suppose f + 10 = 6*f. Let z be (1 - f)*(4 - 3). Calculate the remainder when 7 is divided by 9*z/6*-2.
1
Let o be (658 + -4)/((-3)/(-2)). What is the remainder when o/16 + (-4)/16 is divided by 10?
7
Calculate the remainder when 20 is divided by (-2)/4*(-1 + 12)*-2.
9
Let g(o) = o - 2. Let n be g(1). Let x(m) = -2*m + 1 - 2 + 0*m - 35*m**3. What is the remainder when x(n) is divided by 19?
17
Suppose 2*o = -0 + 70. Calculate the remainder when 103 is divided by o.
33
Let d(w) = -9*w**3 + w**2 + 2*w + 3. Let p be d(-2). Suppose -p = -o - 4*o. Suppose 5*g + 31 = 176. What is the remainder when g is divided by o?
14
Let x(r) be the second derivative of -3/2*r**2 - 1/2*r**4 + 0 - 1/20*r**5 + 4/3*r**3 - 3*r. Calculate the remainder when x(-8) is divided by 21.
19
Let d(f) = f**2 - 4*f + 15. Let i be d(7). Suppose i = z - 30. What is the remainder when z is divided by 17?
15
What is the remainder when 13 is divided by (-5 + 7)*4/1?
5
Suppose 31 = u + 2*n, -u - 3*u + 124 = -4*n. Let k = 58 + 2. Suppose -h - 4*h = -c - k, 2*h + 2*c - 12 = 0. What is the remainder when u is divided by h?
9
What is the remainder when 15 is divided by (-4 + -2)/(-1) + 2?
7
Suppose -93 - 87 = -4*f. What is the remainder when f is divided by 24?
21
Let i = -30 + 11. Let o = i + 36. What is the remainder when o is divided by 5?
2
Let i = -194 + 282. What is the remainder when i is divided by 24?
16
Let h(o) = 18*o**2 - o - 2. Calculate the remainder when h(2) is divided by 23.
22
Let g = 332 + -176. Suppose q - w = -3*q + g, 4*w - 16 = 0. What is the remainder when q is divided by (-1)/(-3) + 124/6?
19
Let d be 0/((3 + 0)/(-3)). Suppose 3*n + n - 2*x - 102 = d, 3*n - x = 77. What is the remainder when n is divided by 9?
8
Calculate the remainder when -2 + 8/10*(-480)/(-3) is divided by 43.
40
Let x(w) = 10*w**2 - 3*w + 2. What is the remainder when 41 is divided by x(1)?
5
Let l(m) = -2 + 0*m - 4*m + 6*m - m**3 + 5*m**2. Calculate the remainder when l(5) is divided by 3.
2
Suppose 16 = g + d, 4*g - d = -6*d + 65. Calculate the remainder when (7 + 0)/(11/44) is divided by g.
13
Suppose -2*y + 3*a = -66, y - a = -0*y + 34. Calculate the remainder when 179 is divided by y.
35
Let y = -10 + 12. Suppose y*m - 2 = -n - 0*n, -2*n - 5*m = 0. What is the remainder when n is divided by 3?
1
Suppose -4*x + 5*i + 42 = -0*i, -x - 5*i - 2 = 0. Let z(v) = v - 1. Let p(w) = w - 4. Let y(n) = p(n) + 4*z(n). What is the remainder when y(6) is divided by x?
6
Let m(k) = k**3 - 4*k**2 - k - 5. Let c be m(4). Let s = c + 40. Let h(r) = 2*r - 2. What is the remainder when s is divided by h(9)?
15
Let r(x) = -x**3 - x**2 - x + 12. Suppose 0*p - p + 4*t = 4, -2*p + 4 = 4*t. What is the remainder when 35 is divided by r(p)?
11
Let c(n) = n**2 + 3*n + 10. Suppose -2*h = h - 129. Let k = 63 - h. Calculate the remainder when c(-7) is divided by k.
18
Calculate the remainder when (-1404)/(-42) + (-6)/14 is divided by 9.
6
Suppose 2*r - 43 = -b, -3*r + 3*b + 69 = -0*b. What is the remainder when 65 is divided by r?
21
Let o(v) = -v**2 + 7*v - 5. Let s be o(4). Suppose 5*b + s*u - 195 = 2*u, 0 = 3*b - 3*u - 147. What is the remainder when b is divided by 15?
14
Suppose 0 = 7*b - 2*b - 125. What is the remainder when b is divided by 13?
12
Let z = -1 + 8. Suppose -4*w = -z*w + 6. Suppose 3*b - 47 = -w*g, b - 18 = -g + 3. What is the remainder when 47 is divided by g?
15
Suppose 0*b - 45 = 5*b. Let s(j) = -3*j - 7. Let g be s(b). Let w = 3 + g. Calculate the remainder when w is divided by 12.
11
Let d = -9 - -1. Let r = 6 - d. Calculate the remainder when 39 is divided by r.
11
Let t(o) = o**2 - 4*o + 2. Let j be t(-4). Suppose 4 = 2*s - j. Calculate the remainder when s is divided by 7.
5
Let z = 11 - 8. Suppose 4 = 4*i - 4. Suppose 4*x = i*o - 10, -3*x = o + 3*o - 31. What is the remainder when o is divided by z?
1
Suppose -1 + 5 = -4*f, 5 = 2*d + f. What is the remainder when 41 is divided by (d + -4 - -5) + 10?
13
Let s = 0 + 1. Let o be (s - -5)/((-1)/(-1)). Let m = -4 + o. What is the remainder when 4 is divided by m?
0
Let r be ((-8)/10)/(6/(-15)). Suppose 2*t = -r*m + 4, -t - 8 = t. Let b(u) = u**2 - 4*u - 7. What is the remainder when 8 is divided by b(m)?
3
Let b = -43 + 65. Suppose -n + 2 + 4 = 0. Calculate the remainder when (-21 - 0)/((-3)/n) is divided by b.
20
Let l = -69 - -114. Calculate the remainder when l is divided by (-4)/22 + (-1020)/(-44).
22
Let k = -3 + 7. Calculate the remainder when 15/(-30)*(-90)/3 is divided by k.
3
Suppose 6 = -4*p + 18. What is the remainder when (1 - 3)*(-48)/32 is divided by p?
0
Suppose 2*i - 4*i - 2 = 2*p, 0 = 3*i - 5*p - 5. Suppose i*m + 64 = 4*m. Calculate the remainder when 47 is divided by m.
15
Let j(b) = 2*b**2 + 9*b. Let r be j(-9). Let u = r - 50. Calculate the remainder when u is divided by 17.
14
Let m = 86 - 58. Calculate the remainder when m is divided by 16.
12
Calculate the remainder when 15 is divided by ((-10)/(-20))/(2 + 35/(-18)).
6
What is the remainder when 25 is divided by 49/(-21)*3*-1?
4
Let l be 6*((-4)/3 + 2). Suppose l*d - 12 = 96. Calculate the remainder when d is divided by 10.
7
Let m(q) = -25*q**3 + q**2 - 1. Suppose 2*c + 16 = 4. Let i(k) = -k**3 - 6*k**2 - k + 3. Calculate the remainder when m(-1) is divided by i(c).
7
Let q(t) = t - 6. What is the remainder when q(15) is divided by 6?
3
Let y be 0 - (-7)/((-7)/16). Let a = y - -22. Suppose -26 = a*k - 8*k. Calculate the remainder when 23 is divided by k.
10
Let n = 1 - 1. Let y = n + 25. Suppose -3*a + 30 - 3 = 0. Calculate the remainder when y is divided by a.
7
Let z(l) = 6*l**3 + l**2 + 2. Calculate the remainder when z(2) is divided by 19.
16
Let l = -3 - -9. What is the remainder when (l/(-15))/((-1)/55) is divided by 12?
10
Let i = -63 - -110. Suppose 3*t + i = 2*p, -4*t - 62 + 10 = -2*p. What is the remainder when 47 is divided by p?
15
Suppose 5*p = 3*f + 20, 16 = -0*p + 4*p + f. Let v = 52 - 28. What is the remainder when v is divided by p/2 + 14 + -3?
11
Suppose -i + 112 = 3*i. Suppose 0*l = -4*l + i. Suppose 0*r = 3*r - 57. What is the remainder when r is divided by l?
5
Suppose 6*f = -8*f + 56. Calculate the remainder when 7 is divided by f.
3
Suppose 2*d - 4*l = 50 + 4, -3*d - 5*l = -48. Let k(t) = -3*t - 15. Calculate the remainder when d is divided by k(-7).
3
Suppose -4*n - n = -d - 21, -4*n = -4*d - 20. What is the remainder when 14 is divided by n?
2
Suppose 3*f - x + 27 - 83 = 0, 2*f - 19 = -3*x. Suppose -7 = -2*o + f. Calculate the remainder when o is divided by 7.
5
Let y = 4 - 1. Calculate the remainder when y is divided by 2.
1
Suppose 11 = y + 3*r - 7, -2*r = 5*y - 116. Suppose -3*g + g = 2*s + 4, 0 = g - 4*s + 22. What is the remainder when (-1)/g + 236/y is divided by 4?
2
Suppose w + 3*n = 46 + 9, -5*w = 3*n - 227. What is the remainder when w is divided by 16?
11
Let x(t) = -t - 3. Let v be x(-6). Let g = v - -13. Suppose 0*i + 4*i - 24 = 0. Calculate the remainder when g is divided by i.
4
Let r = 1041 - 1471. Calculate the remainder when r/(-14) - (-6)/21 is divided by 11.
9
Let p(d) = 2*d**2 + d - 3. Calculate the remainder when 20 is divided by p(-3).
8
Let a(u) = u**3 + 3*u**2 - 2*u + 1. Calculate the remainder when 26 is divided by a(-3).
5
Suppose 5*n - 16 = 14. Calculate the remainder when 7 is divided by n.
1
Suppose -26 - 9 = 5*f. Let y = -4 - f. Suppose -y*u = -21 - 21. Calculate the remainder when 41 